rime factors of l.
2, 3
List the prime factors of 4/18 - (-4071)/27.
151
Suppose 0 = 4*c + 3*z - 452, -3*c - 2*z + 124 = -214. Suppose -o - 4*o + c = 0. What are the prime factors of o?
2, 11
Let n(i) = -i**2 - 5*i. Let c be n(-3). Suppose -o = -c*o + 100. List the prime factors of o.
2, 5
Let i = 0 + -9. List the prime factors of (6/i)/(2/(-21)).
7
Suppose 4*l = -3*m + 67, 4*m + 65 = 4*l + 5*m. Suppose 9 = 3*z - 4*o - l, -2*z - 3*o = -11. Let f = z - 4. List the prime factors of f.
3
Suppose 2*a = 7*a. Suppose -3*m + 98 = -3*w - w, -5*m + w + 152 = a. What are the prime factors of m?
2, 3, 5
Let a(h) = -h**3 - 3*h**2 - 4*h + 3. Let l be a(-4). Suppose 0 = -3*m - 12, -q = 3*m + 21 - 58. Let u = q - l. List the prime factors of u.
2, 7
Suppose -26 - 16 = -7*h. Let a(j) = j**3 - 6*j**2 + 5*j + 2. What are the prime factors of a(h)?
2
Let c = 90 - 1. What are the prime factors of c?
89
Let z(b) = b**2 - 3*b + 1. Let s be z(2). Let j be (-1 - s)/(3 - 2). Suppose j*p = p - 5. What are the prime factors of p?
5
Suppose 8*b = 5*b + 162. What are the prime factors of b?
2, 3
Suppose 3*h - 74 + 5 = 0. Let c = h + -11. List the prime factors of c.
2, 3
Suppose 4*z + 2*v = -v - 14, -3*z = -4*v + 23. Let q(n) = -n + 1. Let o be q(1). Let j = o - z. What are the prime factors of j?
5
Let u(n) = -n**3 + n + 3. Let r be u(0). Let c(t) = -t**2 + t + 11. Let o be c(0). Suppose q - o = r*a, -q - a = -5*q + 66. List the prime factors of q.
17
Suppose 0 = 5*h - 3*t + 16, 4*t = 4*h - t + 18. Let l = 8 - h. List the prime factors of l.
2, 5
Let a = -68 + 101. What are the prime factors of a?
3, 11
Let f = 76 + -53. Suppose 0 = d - f - 9. List the prime factors of d.
2
Let i(c) = -c**2 + 6*c + 1. Let w = 15 - 10. List the prime factors of i(w).
2, 3
Let n(r) = r**2 + 14*r - 11. What are the prime factors of n(-16)?
3, 7
What are the prime factors of 40/(-30)*717/(-4)?
239
Suppose 4*c - 278 = 98. Suppose -c = -3*g - 2*r, g + 3*r + r = 38. What are the prime factors of g?
2, 3, 5
Let c = 21 - 9. Let b(z) = -z**3 - 7*z**2 + z + 2. Let d be b(-7). Let r = c + d. List the prime factors of r.
7
Suppose 0 = g + 1, -2*a = -a + 2*g - 1. Suppose -4*o + a = -17. What are the prime factors of o?
5
Let c(k) be the first derivative of k**4/2 - k**3/3 + k**2/2 - k - 1. List the prime factors of c(2).
13
Suppose 4*i = 3*j + 442, 3*j - 5*j + 116 = i. Suppose 0 = -5*g - 0*g + 15, i = 2*v + 4*g. What are the prime factors of v?
2, 5
What are the prime factors of ((-1848)/15)/(-2) + 2/5?
2, 31
Let v(z) = -z**2 - 6*z - 1. Let m be 6/4*30/(-9). What are the prime factors of v(m)?
2
Let z be ((-10)/3)/(4/66). Let l = -38 - z. List the prime factors of l.
17
Suppose 0 = 5*s + 24 - 4. List the prime factors of (-54)/s - 1/2.
13
Let a = -5 - -5. Suppose 3*l - 3*u + u - 16 = 0, a = -5*l - 2*u + 32. List the prime factors of l.
2, 3
Let l = 44 - 17. What are the prime factors of l?
3
Let r(l) = l - 6. Let h be r(10). Suppose 3*w - h = 2*f - 12, -f + 4 = -5*w. List the prime factors of f.
2
Suppose 0 = 3*o + 3*t + 163 - 19, -2*o + 4*t - 72 = 0. Let w = o + 70. Suppose 5*j + q = w, -2 + 0 = 3*j + 5*q. List the prime factors of j.
2, 3
Let l(c) = -c**3 - 10*c**2 + 6*c - 14. Suppose -j - 18 + 7 = 0. What are the prime factors of l(j)?
41
Suppose -4*z = -10 - 2. Suppose 33 = -4*i + 5. Let j = z - i. What are the prime factors of j?
2, 5
Suppose 0*u = 5*u - 80. Suppose -2*f + u = -0*f. Suppose -4*h - f = 0, -2*a = 4*h - h - 6. List the prime factors of a.
2, 3
What are the prime factors of (-107)/(-3 + 6/3)?
107
Let t be (-2)/3*3/(-2). Let h(y) = 10*y - 1. What are the prime factors of h(t)?
3
What are the prime factors of (-1 + -2)*33/(-9)?
11
Suppose 2*b - 44 = -0*b. Suppose 0 = -4*x + 38 + b. Suppose -3*o = -3*m - 24, -2*m = x - 7. List the prime factors of o.
2
What are the prime factors of 3 - (-155 - (-3 + -2))?
3, 17
Let g(h) be the third derivative of h**4/12 - h**3/3 - 2*h**2. List the prime factors of g(3).
2
Let v = 14 + -5. Suppose 2*i = 6, 2*y + 2*y - v = 5*i. What are the prime factors of y?
2, 3
Let y = 3 - 2. Let k(z) = 31*z**3 + 2*z**2 - z. Let n be k(y). Let m = -20 + n. List the prime factors of m.
2, 3
List the prime factors of (4 + (-17)/3)/(2/(-78)).
5, 13
What are the prime factors of 634/12 + 13/78?
53
Suppose 2*q + q - 3 = 0. What are the prime factors of -3 + q*(-40)/(-2)?
17
Let w = -4 + 3. Let c(r) = r + 1. Let s be c(w). Suppose -3*k - 4*g + 7 = 0, s*k + 5*k - 5*g = 35. What are the prime factors of k?
5
Let c(z) = 8*z - 10. Let g(k) = 2*k - 3. Let s be g(5). List the prime factors of c(s).
2, 23
List the prime factors of 55 + (-12)/(8 + -4).
2, 13
Suppose 2*u + 0 - 4 = 0. Let z = u - -1. Suppose p - 6*p = -c - 19, -z*c = p - 7. What are the prime factors of p?
2
Suppose -3*t = 5*w + 6, 0*t - 3*t - 27 = -2*w. Let v = 9 - t. List the prime factors of v.
2
Suppose -q + 0*q = 0. Suppose q = 3*c + 4*b + 20, 3*c - 5 = b. List the prime factors of 5 + c - (-1 + 2).
2
Suppose -1 + 26 = 5*d. Suppose 3*j - 1 = d. Suppose j*l - 43 = -5*u, -2*u + 20 = 2*u. List the prime factors of l.
3
Let y be (-8 + 0/2)/(-2). Let b(f) = -f**3 + 4*f**2 + f. Let h be b(y). Suppose h*t + d = t + 18, t + 1 = 2*d. What are the prime factors of t?
5
What are the prime factors of -1 - 28*(-5 - -4)?
3
What are the prime factors of 2/3*1173/34?
23
Let l(k) = k**3 - 14*k**2 + 13*k + 19. List the prime factors of l(13).
19
Let w(g) = -g**2 + 6*g - 7. Let v be w(6). Suppose 1 = -4*l + 13. List the prime factors of (l + -2)/((-1)/v).
7
Suppose -7*l - 98 = -14*l. What are the prime factors of l?
2, 7
Let t(j) = j**3 - 3*j**2 + 4*j. Let z(a) = a - 4. Let d be z(7). List the prime factors of t(d).
2, 3
Let m = -10 + 46. Suppose -z + 2*z = m. Let w = -24 + z. List the prime factors of w.
2, 3
Let j(p) = -15*p + 7. Let v(m) = -5*m + 2. Let u(x) = -6*j(x) + 17*v(x). Let d(r) = r + 1. Let t(i) = -3*d(i) + u(i). What are the prime factors of t(8)?
5
Let o(t) = t**2 + 3*t. Let h be o(-4). List the prime factors of h/3*(-18)/(-12).
2
Suppose -16*f + 10*f + 390 = 0. What are the prime factors of f?
5, 13
Suppose -k = 3 - 7. Let m = k + 7. What are the prime factors of m/(0 + (2 - 1))?
11
Suppose 0 = 4*h - 6*o + 4*o, -h + 5*o = 18. Suppose 0*f - 20 = -h*f. Let c = f + -3. What are the prime factors of c?
7
Suppose 3*p - 3*r - 30 = 0, -4*r = 2*p + r + 1. Suppose p*j - 165 = 2*j. Suppose 0 = d + 2*d - j. What are the prime factors of d?
11
Suppose 0 = -0*f + 3*f - 12. Let g(m) = m**3 - 8*m**2 + 5*m + 12. Let y be g(7). Let k = f + y. What are the prime factors of k?
2
Let u(w) = w**2 - 12*w - 31. List the prime factors of u(15).
2, 7
Let i(c) = -c + 4. Let x be i(0). Let v(q) = q**2 - q - 9. What are the prime factors of v(x)?
3
Let b = -27 - -17. Let g = 14 + b. Suppose q = 2*f - 8, g*f = 2*q + q + 14. What are the prime factors of q?
2
Suppose 6*o + 185 = o. Let a = o - -71. List the prime factors of a.
2, 17
Let x be (4/16)/((-1)/(-20)). Suppose 4*y - 2*u - 72 = 0, -3*y - x*u = y - 44. What are the prime factors of y?
2
What are the prime factors of (-1)/(5/(-140)*2)?
2, 7
Let d(w) = w + 2. Let g be d(-4). Let q(o) = -4*o**3 - 2*o**2. Let s be q(g). Let i = -16 + s. What are the prime factors of i?
2
Let p = 0 - 9. Let g = 17 + p. Suppose -40 + 16 = -5*h + t, g = -3*h - 5*t. List the prime factors of h.
2
Suppose -2*r - 3*z + 69 = r, 3*z = -r + 27. Suppose q = -j + 1 + r, 79 = 2*q - 5*j. What are the prime factors of q?
3
Let i(a) = a**2 - 15*a + 11. Let c be i(8). Let n = -10 - c. Suppose 0 = 5*f - n - 10. What are the prime factors of f?
3
Let x = 5 + 116. Suppose -3*t + x = -2. Suppose -2*q + t = -1. List the prime factors of q.
3, 7
Let d(t) be the first derivative of t**2 + 0 - 3 - 2*t + t - 7*t. List the prime factors of d(7).
2, 3
Suppose 2*h - 34 = -2*q, 23 = h + q + 2*q. What are the prime factors of h?
2, 7
Let y(x) = -x**2 + 4*x + 4. Suppose u = -3 - 1. Let w(p) = p**2 + 3*p - 1. Let s be w(u). List the prime factors of y(s).
7
Suppose 3 - 4 = -y. Let n(v) = 2*v**2. Let a be n(y). Suppose 0 = -o - 3*t + 12, a*o + 3*t + 33 = 4*o. List the prime factors of o.
3, 5
Let d(r) = -4 + 0 + 1 - r**2 + 8*r + 0. Let s = -2 + 9. List the prime factors of d(s).
2
Suppose -4*o + 12 = -0*o. Suppose 5*s - 270 = 3*f - 9